 559939
List the prime factors of 189300039.
3, 7001, 9013
List the prime factors of 2496619243.
193, 541, 23911
List the prime factors of 1454871215.
5, 7, 41567749
List the prime factors of 973997741.
19, 29, 1767691
List the prime factors of 7408586.
2, 3704293
List the prime factors of 3650358954.
2, 3, 11, 2879, 19211
List the prime factors of 8694092.
2, 11, 23, 71
What are the prime factors of 7427954245?
5, 17, 1471, 59407
What are the prime factors of 69861969?
3, 599, 12959
List the prime factors of 4721226315.
3, 5, 13, 17, 59, 101, 239
What are the prime factors of 49606753?
7, 7086679
What are the prime factors of 85137025?
5, 113, 30137
List the prime factors of 1384242868.
2, 1097, 315461
What are the prime factors of 8552668355?
5, 7, 11, 467, 47569
What are the prime factors of 5422762938?
2, 3, 43, 21018461
What are the prime factors of 4474400316?
2, 3, 372866693
List the prime factors of 3732866600.
2, 5, 18664333
What are the prime factors of 23331849?
3, 7777283
What are the prime factors of 1255996918?
2, 11, 857, 66617
List the prime factors of 1342942131.
3, 447647377
List the prime factors of 313079978.
2, 317, 493817
What are the prime factors of 279477162?
2, 3, 53, 97651
List the prime factors of 635818556.
2, 31, 5127569
What are the prime factors of 553399594?
2, 11, 43, 503, 1163
What are the prime factors of 5010451958?
2, 311, 937, 8597
List the prime factors of 130209863.
7, 18601409
What are the prime factors of 23296007?
7, 173, 19237
What are the prime factors of 166286958?
2, 3, 113, 245261
What are the prime factors of 26960607?
3, 31, 1193
List the prime factors of 4615431183.
3, 11, 23, 71, 28549
List the prime factors of 60782996.
2, 15195749
What are the prime factors of 3726686972?
2, 2221, 419483
What are the prime factors of 271676360?
2, 5, 2039, 3331
What are the prime factors of 2236697964?
2, 3, 29, 2142431
What are the prime factors of 10097211?
3, 179, 18803
What are the prime factors of 178300015?
5, 3617, 9859
List the prime factors of 48898244.
2, 12224561
List the prime factors of 4329222073.
11, 393565643
What are the prime factors of 1051126353?
3, 4919, 23743
What are the prime factors of 58995539?
58995539
List the prime factors of 400408753.
673, 594961
What are the prime factors of 230966983?
13, 19, 967
What are the prime factors of 111036987?
3, 103, 13309
List the prime factors of 73338315.
3, 5, 359, 13619
List the prime factors of 5059438880.
2, 5, 953, 33181
What are the prime factors of 62407588?
2, 31, 503287
What are the prime factors of 37382943?
3, 13, 29, 33053
List the prime factors of 1207829525.
5, 7, 19, 363257
List the prime factors of 2599696.
2, 11, 14771
What are the prime factors of 407970555?
3, 5, 1013, 26849
What are the prime factors of 82114090?
2, 5, 43, 4441
List the prime factors of 169149990.
2, 3, 5, 163, 34591
What are the prime factors of 21314478?
2, 3, 29, 122497
List the prime factors of 631652562.
2, 3, 35091809
What are the prime factors of 541610799?
3, 180536933
What are the prime factors of 6770603?
7, 967229
List the prime factors of 40526247.
3, 1699, 7951
List the prime factors of 2301770131.
17, 577, 234659
What are the prime factors of 506760528?
2, 3, 439, 24049
What are the prime factors of 4552488?
2, 3, 53, 1193
List the prime factors of 64798126.
2, 32399063
List the prime factors of 185529041.
17, 641969
What are the prime factors of 99021426?
2, 3, 7, 19, 124087
List the prime factors of 62414652.
2, 3, 1277, 4073
What are the prime factors of 874973203?
13, 61, 1103371
List the prime factors of 48275543.
48275543
List the prime factors of 2398884239.
2398884239
What are the prime factors of 10774312?
2, 29, 46441
What are the prime factors of 1180452509?
1180452509
List the prime factors of 57656788.
2, 7, 191, 10781
What are the prime factors of 33597269?
457, 73517
What are the prime factors of 555833384?
2, 69479173
What are the prime factors of 90477263?
90477263
What are the prime factors of 131217495?
3, 5, 2053, 4261
List the prime factors of 914017308.
2, 3, 17, 547, 8191
What are the prime factors of 44684940?
2, 3, 5, 29, 61, 421
List the prime factors of 347552759.
347552759
What are the prime factors of 179802532?
2, 7, 13, 307, 1609
What are the prime factors of 4029403544?
2, 503675443
What are the prime factors of 1249662934?
2, 13, 5077, 9467
List the prime factors of 1058386766.
2, 529193383
List the prime factors of 1241206092.
2, 3, 7, 182423
List the prime factors of 4027254782.
2, 19, 23, 200341
What are the prime factors of 82435628?
2, 11, 659, 2843
List the prime factors of 30773193.
3, 11, 932521
List the prime factors of 898957229.
17, 373, 141769
What are the prime factors of 289520844?
2, 3, 41, 193, 3049
List the prime factors of 95014672.
2, 29, 193, 1061
What are the prime factors of 94766428?
2, 61, 6367
List the prime factors of 40392641.
37, 113, 9661
What are the prime factors of 6377677237?
19, 127, 811, 3259
List the prime factors of 308531582.
2, 154265791
List the prime factors of 255621935.
5, 51124387
List the prime factors of 1966628931.
3, 4271, 153487
List the prime factors of 39593679.
3, 1291, 10223
What are the prime factors of 4169544254?
2, 13513, 154279
What are the prime factors of 181137104?
2, 2503, 4523
What are the prime factors of 822920920?
2, 5, 2269, 9067
What are the prime factors of 2603643392?
2, 7, 726463
What are the prime factors of 72771590?
2, 5, 223, 32633
What are the prime factors of 4772979?
3, 176777
List the prime factors of 335688001.
11, 17, 163193
List the prime factors of 114191325.
3, 5, 317, 1601
What are the prime factors of 72938875?
5, 583511
What are the prime factors of 78573020?
2, 5, 3928651
List the prime factors of 71194751.
71194751
List the prime factors of 294474947.
13, 443, 51133
What are the prime factors of 167257645?
5, 17, 29, 67853
What are the prime factors of 1105350381?
3, 1259, 3613
List the prime factors of 37727936.
2, 139, 4241
List the prime factors of 64258525.
5, 53, 48497
What are the prime factors of 3535397071?
52391, 67481
What are the prime factors of 20560166?
2, 11, 19, 101, 487
What are the prime factors of 946822532?
2, 167, 1417399
List the prime factors of 99083746.
2, 19, 389, 6703
List the prime factors of 71059065.
3, 5, 7, 11, 17, 47
List the prime factors of 128923612.
2, 139, 231877
List the prime factors of 183902920.
2, 5, 29, 158537
What are the prime factors of 23766584?
2, 31, 47, 2039
What are the prime factors of 25442119?
25442119
What are the prime factors of 47429028?
2, 3, 103, 12791
List the prime factors of 444737239.
101, 977, 4507
List the prime factors of 516603954.
2, 3, 86100659
What are the prime factors of 670481793?
3, 8277553
List the prime factors of 89999387.
41, 43, 71, 719
What are the prime factors of 49222623?
3, 277, 59233
What are the prime factors of 60624397?
17, 89, 2357
List the prime factors of 9861936.
2, 3, 7, 599
What are the prime factors of 340450375?
5, 47, 167, 347
What are the prime factors of 7091910?
2, 3, 5, 7, 11257
What are the prime factors of 200390894?
2, 11, 9108677
What are the prime factors of 1904978163?
3, 11, 17, 643, 5281
What are the prime factors of 49343363?
5077, 9719
List the prime factors of 395585132.
2, 709, 139487
List the prime factors of 7354842657.
3, 67, 36591257
List the prime factors of 198310898.
2, 37, 2679877
What are the prime factors of 46574289?
3, 43, 151, 797
What are the prime factors of 1078209015?
3, 5, 13, 425329
List the prime factors of 1852567813.
3221, 575153
List the prime factors of 62784512.
2, 7, 19, 461
List the prime factors of 81225717.
3, 27075239
What are the prime factors of 371673162?
2, 3, 7, 389, 7583
List the prime factors of 160492971.
3, 17, 10889
List the prime factors of 6960179.
277, 25127
What are the prime factors of 340208619?
3, 701, 161773
List the prime factors of 62382445.
5, 269, 46381
List the prime factors of 10398887.
37, 127, 2213
List the prime factors of 115236900.
2, 3, 5, 19, 23, 293
List the prime factors of 1216588416.
2, 3, 37, 85627
List the prime factors of 307931658.
2, 3, 51321943
What are the prime factors of 41321416?
2, 599, 8623
What are the prime factors of 426522021?